- -82) + (9 - 0) + -7 + 4).
1
What is -9 + (9 - ((-29 + 5 - 5) + -6))?
35
Evaluate (9 - -14) + (-20 - (-1 + -11)).
15
Evaluate -172 + 185 - (6 - (7 + 3) - -6).
11
What is the value of 20 - (42 - 20) - (-30 - (4 + -6 + 2))?
28
What is 58 - 55 - ((18 - -2) + 8)?
-25
Calculate 45 - (136 - (40 - 15)).
-66
Evaluate (2 + -2 + 1 - (2034 + -2053)) + 14.
34
What is the value of 58 + (-43 - -59) + -130?
-56
What is -8 + 0 + -35 + 26 + 34 - 48?
-31
Calculate 31 - (-23 + 50 + -35) - -12.
51
What is -241 + 247 - (-4 - (29 + -10))?
29
What is the value of 0 - 30 - (-238 - -179)?
29
Calculate -65 + 25 + 26 - -28.
14
Calculate 114 + -93 - (-11 - 3).
35
What is -45 - (39 + -28 + -31)?
-25
What is (25 - 17) + 4 - (-9 - -9) - -15?
27
Evaluate 28 + 61 + -66 - 33.
-10
-32 + -3 + (75 - -19) + -8
51
(6 - (75 - 9)) + -7 + 3 + (4 - 5)
-65
Calculate -34 - (78 + (-121 - 37)).
46
What is the value of -117 - ((12 - 0) + -7 + 8 + -4)?
-126
What is the value of 21 + -13 - -5 - (-47 - (-5 + 9 + -11))?
53
-6 + -2 - 11 - (-113 - (-64 - -21))
51
(93 - 185) + -48 + 66
-74
What is the value of 1 + -15 + (-22 - 0) + (856 - 840)?
-20
-7 + 3 - 8 - (2 + -2 - -22)
-34
What is 12 + (-14 - 4) + 42 - -15?
51
What is the value of (-5 - (-7 + 16) - -18) + -7 + 10?
7
Calculate 8 - 21 - 2 - (-7 - (-17 + 1)).
-24
What is the value of (-26 - 2) + (-3152 - -3160)?
-20
Calculate -439 + 428 + (-3 - (0 + (2 - 25) + 2)).
7
What is 31 - ((11 - 21 - -36) + 62)?
-57
What is -1 + 19 - ((2 - 1) + (39 - 83) + 41)?
20
-51 + (12 - (1 + 3) - 13) - -16
-40
Calculate -15 + (65 - (-31 + 145)).
-64
What is the value of 19 - (35 + -129) - 123?
-10
What is (0 - 1 - 7 - 68) + (-8 - (-38 + 26))?
-72
What is 100 - ((-74 - 9) + 142)?
41
176 + -104 - 117 - -157
112
What is 3 + 9 + -17 - (6 + 5 + 7)?
-23
Evaluate (1 - 38) + 30 + 8 + 60 + -1.
60
Calculate (-51 - -13) + -445 + 463.
-20
What is -2 + 69 + (-508 - -470)?
29
What is the value of (107 - (86 - -4)) + 23 + -1?
39
What is -954 - -847 - (4 + -2 + -22)?
-87
What is the value of (-36 - 12) + -8 + 21 + -10?
-45
Calculate -50 + (-22 - 12) + 123.
39
What is (130 - 257) + 105 - (-1 + 0 - 11)?
-10
Evaluate (11 + -4 + 0 - (-4 - -1)) + 422 + -326.
106
What is -16 + -1 - (-3 + -29 + 4) - (-14 - -1)?
24
What is (-2 - -10) + -22 + 14 + -15 + 14 + 7?
6
Evaluate -56 + (13 - 63) + 18.
-88
Calculate -22 - (-7 + -4 - -10).
-21
-1 + 12 + (-4 - (22 - 7))
-8
Calculate 27 - ((0 - 2 - -19) + 772 + -800).
38
Calculate 6 + 22 + -15 + 5 + 1 + 13 + -6.
26
Evaluate 50 + -72 - -128 - 81.
25
Calculate (462 - 463) + (0 + 4 - 95 - (0 - -1)).
-93
Evaluate 9 - (0 + (-1 - -109) + (104 - (1 - -108))).
-94
What is (-43 - (-9 + -44)) + 0 + (15 - -4)?
29
What is the value of -50 + -42 + 15 + 119?
42
What is 57 + (18 - -1 - (122 + -105))?
59
What is the value of 44 - (44 - 53) - 16?
37
Calculate -19 - 8 - 25 - -101.
49
Evaluate (-34 - -50) + 6 - 13.
9
What is (32 - 35 - (19 + -5)) + 35 + -26?
-8
What is (28 - (7 + 0 + (116 - 129))) + 4?
38
What is the value of -46 + 38 + -57 - -69?
4
Calculate (18 - -37) + -19 + 7.
43
What is the value of -57 + 243 + -117 - 106?
-37
What is -491 - -481 - (-11 + (4 - 3 - -1))?
-1
What is the value of -5 - -2 - 79 - (1735 + -1742)?
-75
What is 1 + 8 - (9 + -5) - (-18 - (9 - -1))?
33
What is -23 + 12 + 15 + -3 - (-30 - -1)?
30
What is (-25 + 1 - (21 - 24)) + -868 + 863?
-26
What is the value of 36 + (-4 - 46) + -13?
-27
What is 14 - 47 - (-8 + -50 - 16)?
41
Calculate -12 + 9 + -169 + 186 + (-2 + -2 - -1).
11
Evaluate (25 - 62 - 22) + 83.
24
What is the value of -12 + (-4 + (-4 + 93 + -7 - 6) - -12)?
72
Calculate -8 - ((-20 - -14) + 32) - -20.
-14
What is (4 - 14 - (159 - 152)) + -13?
-30
What is -91 + 29 + 125 + -63?
0
What is -52 - (-35 + (66 - 50))?
-33
What is (-5 - (-22 - -8)) + -2 - (-4 + 15) - -47?
43
What is the value of -55 + 22 + -21 + (-13 - -32)?
-35
What is the value of 15 - (733 + -786 - (1 - 26))?
43
Evaluate (11 - (-9 + 17)) + -10 + 0.
-7
-23 + 6 - (60 + -56)
-21
Calculate 1945 + -1851 - (10 - -2).
82
Evaluate -2 - (2 - 2) - -12 - (9 + -21 + 86).
-64
Calculate 74 + -76 - -5 - (46 + 2 + -2).
-43
-18 - (-121 + 46 + -30 + 13)
74
What is -25 + 74 + -27 + 33?
55
What is -47 + 43 - (73 + -77 - (4 + -2 - 3))?
-1
What is the value of -3 + -3 + 40 - (-154 - -147)?
41
Calculate (-2 + -21 - (22 - 11)) + (3 - -2) + -18.
-47
Calculate -3 + (68 - 6) - (-5 + -1 + (19 - 0)).
46
What is 1090 - 980 - (2 + 66)?
42
What is -4047 - -3904 - (-172 - 1)?
30
What is 166 + -211 + (-12 - (2 - 10)) + -8 + 4?
-53
Calculate 18 - (28 + -54 + 21 - 1).
24
Evaluate 4 + -18 + 18 + 10 + -18 + 55.
51
What is the value of (33 - -12) + (-44 - 12)?
-11
Evaluate (-88 - (38 - 84) - -93) + (-1 - (-17 - -2)).
65
Evaluate 10 + (-27 - (26 + -28 - 15)).
0
What is the value of 6 - ((7 - 33) + 19 + (-2 - 23))?
38
What is (-1345 - -1384) + (-2 - -2) + 34?
73
What is the value of -14 - (10 + -3 - 16) - -4 - -97?
96
Calculate -17 + (25 - (-26 + 90)) + 18.
-38
What is (-4 - -2 - 69) + -38 + -45 + 82?
-72
Evaluate (-10 - -22) + -23 + 4 + (-1 + 2 - -3).
-3
-4 - -13 - (-6 - 53) - (122 + -111)
57
What is the value of ((-11 - -6) + -25 - -6) + (-107 + 61 - -47)?
-23
Calculate -23 - ((6 + -4 - -13) + (-6 - -3)).
-35
What is (33 - 3) + 3 + (24 - 140)?
-83
Calculate (-12 + 5 - (-25 + 17) - (6 + -75)) + -4.
66
What is the value of 5 + -52 + 46 - -3?
2
What is the value of (9 + -17 - 7) + (8 - (-34 + 22))?
5
What is the value of -115094 - -115094 - (-67 + 1 - (-1 + -2 - -2))?
65
Calculate -3 - -137 - (-617 - -657).
94
Evaluate 13 + (27 - (-22 + 82 - -22)).
-42
Calculate (18 + -6 - (19 - 11)) + (-97 - -7).
-86
-666 + 685 - (-1 - -11) - (85 + 2 - -2)
-80
What is the value of (7 - 11) + 47 - 3?
40
What is the value of -13 - (156 + -58 - 67)?
-44
45 - -12 - ((61 - 5) + -28)
29
What is the value of (7 - -2) + 2910 + -2821?
98
What is the value of 8 - (-66 + -37 + 178)?
-67
What is the value of -34 + 2 + -1 + 4368 + -4220?
115
Calculate (2 + 3 - -3 - (10 - -9)) + 41.
30
Calculate (111 - 148) + 2 + 56 + 54.
75
What is 5 + -45 - (-31 - (-30 + 16))?
-23
What is 22 - (-13 + 37 + (-83 - -13))?
68
Calculate -51 + 153 + -60 + -52.
-10
What is 60 - (107 + -186 - -183)?
-44
-31 + (-16 + -3 + 35 - -6)
-9
What is the value of -41 + 41 + -2 + 3 - 0 - -2?
3
79 + -41 + -27 + 12 + 37
60
Calculate 4 - (0 - 6) - (-332 - -455).
-113
What is the value of -40 - ((22 - -8) + -255 + 158)?
27
What is the value of 8 + (24 - (38 + (7 - 18)))?
5
91 + -36 - (6 + 3 - -20)
26
Calculate 66 - (2 + -6 + 75).
-5
What is 17 + (1 - -5) - -32?
55
What is (-50 - 1) + (978 - 992)?
-65
Evaluate 27 - (22 + (-35 - -17) + -15).
38
What is (30 - 112) + 125 - (0 + 14)?
29
Evaluate -11 - -106 - 49 - 122.
-76
What is -68 + 44 + 29 + (3 - 17)?
-9
-106 + 39 + -1 + 37 - -21
-10
Evaluate -15 - (-105 - (-36 + (19 - -8 - 11))).
70
Evaluate 16 + (-7 - 16 - (-37 + -23)).
53
1 - -18 - (63 + -159 + 78)
37
-8 + (0 - -28 - 18) - 141
-139
Evaluate (8 - (1 - (8 + -1))) + -12 - (-30 + -28).
60
Evaluate 0 - -8 - ((15 - (2 - -8)) + -7).
10
Evaluate (-4 - 0) + 3 + -68 + 53.
-16
(-12 - (2 - 7) - (72 - 79)) + 12
12
Calculate (1 - -6 - (34 + -45 + 27)) + 70 + 1.
62
What is -73 + (289 - 288 - (-1 + 2)) + (1 - 0)?
-72
What is the value of (422 - 381) + 1 + -8?
34
31 - (0 - (-6 + -15 + 4))
14
Calculate 10809 + -10869 - (1 - -34).
-95
Calculate -32 + -23 + 25 - -15.
-15
Calculate (14 - ((-418 - -431) + (-8 - 0))) + 30.
39
(-118 - (-4 - -4)) + -102 + 64 + 40
-116
Evaluate 0 + -14 + -1 + (-1233 - -1238) + 43.
33
What is the value of -1526 + 1628 - (11 - ((-5 - 0) + 9))?
95
Evaluate -45 + 0 - (49 + -62 + 18 + -18).
-32
Calculate 51 + (10 - (15 + 1)) + 16.
61
What is the value of -1 + 1 - 64 - (-4 - (4 + (-4 - -2)))?
-58
Evaluate (129 - (22 - -73)) + (21 - 0).
55
(4 - (-1 + (17 - 8) + 13 + -6)) + 124
113
-10 + 0 + 4 + 3 - (-39 + 67 + -34)
3
(-18 + (17 - 11) - -15 - -5) + 14
22
Calculate -46 - (51 - 85) - (8 - -3).
-23
Evaluate 1518 + -1479 + (0 - 77).
-38
Evaluate (-7 - -5) + (3 - (0 + 1)) + (-23 - -44).
21
What is the value of 6 + -1 + 2 + -2 + 2 + 28 + -26?
9
Evaluate (1 - 0 - (54 + -70)) + 5.
22
-102 - (-50 + (58 - 56))
-54
What is the value of 44 + -37 + (-1 - -27) + (-9 - (-6 - -2))?
28
1 + 10 + (-6 - -39) + 80 - 17
107
Calculate 48 + -73 - (2 - -2 - -1 - 5).
-25
What is -9 + 3 + -26 + (